(-36). Let n(m) = -m**3 + 9*m**2 + 12*m - 15. What is the units digit of n(w)?
5
Let d = 101 - 81. Let r = 1 - -1. Suppose -4*a + r*a = -d. What is the tens digit of a?
1
What is the tens digit of 1 - (3 + -5) - -9?
1
What is the hundreds digit of (-1185)/(-9) - (-12)/9?
1
Let r(y) = -y**2 - 9*y + 2. Let n be r(-9). Let t(a) = 9*a**3 - 2*a**2 - 2*a + 3. Let k be t(n). Suppose 0 = 2*q + q - k. What is the tens digit of q?
2
What is the units digit of (-2)/(-4) + 42/12?
4
Let t(a) = -a**2 - 6*a + 8. Let u be t(-7). What is the units digit of (-9 - u)*2/(-4)?
5
Suppose 2*g - 3*g = -9. Let s = 18 - g. What is the units digit of s?
9
Suppose 4 = -3*r + 10. Suppose 5*d = -3*p - p + 32, -r = d - 2*p. What is the units digit of d?
4
Suppose 2*i - 5*j = 4, 0 = 2*j - 7*j. Let r be i/(-2 - -3) - 2. Suppose o + 4*f + 6 = r, -f = 2*f + 6. What is the units digit of o?
2
Let r = 37 + 45. Suppose 27 = -5*v + r. What is the tens digit of v?
1
Let y be 2/(-8) + (-203)/(-28). Let x = -1 + 4. Suppose -x*i + y*i = 28. What is the units digit of i?
7
Suppose u = -u - 8. What is the units digit of (-32)/(-12)*(-6)/u?
4
Let k(s) = 6*s**2 + 2. What is the units digit of k(-2)?
6
Let t = -47 + 78. What is the tens digit of t?
3
Let r(m) be the third derivative of -m**6/120 + m**5/30 - m**4/12 - m**3/6 - m**2. Let x = 45 - 47. What is the tens digit of r(x)?
1
Let j(q) = 18*q - 3. Let y be j(3). Let i = y + -25. What is the tens digit of i?
2
Suppose -4*v - 63 = 3*z + 48, 2*v = 2*z + 60. Let d = z + 78. What is the tens digit of d?
4
Suppose 4*n = 2*n + 8. What is the units digit of n?
4
Let j be (5*-1)/(80/(-32)). Suppose -j*h + 13 = -h. What is the tens digit of h?
1
Let d(t) = -t**2 + t - 4. Let h(j) = -j. Let z(f) = -d(f) - 2*h(f). Let o be z(4). Suppose 4*m - m - o = 0. What is the units digit of m?
8
Let q(y) = -y**2 - 9*y - 11. Let s be q(-7). Let i(t) = 3*t**2 - 4*t. What is the tens digit of i(s)?
1
Suppose 11 = -2*z + 55. What is the tens digit of z?
2
Suppose -8*x = -2*x - 1116. What is the units digit of x?
6
Let n(j) = -j**3 - 8*j**2 - 13*j + 12. What is the tens digit of n(-7)?
5
Suppose -25 = -4*q + p, -q + 18 = -2*p + 3. Suppose q*k - 28 = 12. What is the units digit of k?
8
What is the units digit of (-22)/(-33)*(-1 + 146 - -2)?
8
Let q(t) = -t - 3. Let j be q(-6). Let o(z) = -z**3 + 3*z**2 + 3*z + 4. What is the tens digit of o(j)?
1
Suppose -3*q + 6 = -4*q. Let f be (q/(-4))/((-3)/6). Let r(x) = 3*x**2 + 5*x + 2. What is the units digit of r(f)?
4
Let g(x) = -3*x**2. Let y be g(-1). What is the units digit of 2/(-6)*y - -2?
3
Suppose -2*z - 26 = -4*a, a - 11 = -0*z + 2*z. What is the units digit of a?
5
Suppose q + 25 = 4*z - 0, -4*z - 5*q = 5. Suppose z*v - 79 + 4 = 0. What is the units digit of v?
5
Let k(j) = 2*j - 1. Let p be k(1). What is the tens digit of (1/p)/(2/22)?
1
Let k = -8 - -15. Suppose v + v - k = i, 0 = -3*v + 5*i - 7. What is the units digit of v?
6
Let r(p) = 5*p - 1. Let y be r(1). Suppose -4*b - b = -2*b. Suppose y = 2*k, -k + 44 = 3*v - b*k. What is the tens digit of v?
1
Suppose -y + 3*o - 10 = 0, -3*o + 30 = 3*y - 0*o. What is the units digit of y?
5
Suppose -g + 5*b + 4 = 3*g, 0 = -4*g + 2*b + 4. Suppose -z - 2 = -13. Let m = g + z. What is the units digit of m?
2
What is the units digit of -3 - (3 - 31 - 2)?
7
What is the tens digit of -2 + (120/(-9))/(4/(-54))?
7
Let o(s) = 3*s**2 + 9*s - 11. What is the tens digit of o(-8)?
0
Let l = -2 - -2. Suppose 3*h - 1575 + 405 = l. What is the units digit of h/33 - 2/(-11)?
2
Suppose -5 + 27 = z. Let o = z + -13. Suppose o = 5*h - 2*h. What is the units digit of h?
3
Let m be (-34)/(-8) - 2/8. Suppose m*k - 28 = -4*n, 0 = -2*k - 3*n + 4*n + 26. What is the tens digit of k?
1
What is the units digit of 496/7 + (-11)/(-77)?
1
Let k = 39 + -25. What is the tens digit of k?
1
Let y(k) be the first derivative of k**3/3 - k - 2. Let u be y(0). What is the units digit of (7 - 2) + u + 0?
4
Let i(n) = -9*n + 22. Let h(d) = -6*d + 15. Let j(z) = 7*h(z) - 5*i(z). What is the units digit of j(4)?
7
Suppose 2*b - 18 = -2*u + 6, 24 = 5*u - 4*b. What is the units digit of u?
8
Let c(b) = b**3 - 6*b**2 + 6*b - 17. What is the tens digit of c(8)?
5
Let i(g) = g**2 - 3*g + 2. Suppose -5*d + 3*d + 10 = 0. What is the tens digit of i(d)?
1
Suppose 6*h - 3*d - 169 = h, 4*h - 143 = 5*d. Let o = -23 + h. What is the units digit of o?
9
Let z(y) = -9*y + 23. What is the tens digit of z(-3)?
5
Suppose -4*c - 10 = 6. What is the tens digit of (c/(-4))/(-3)*-87?
2
Let m = 15 - 9. What is the units digit of 110/9 - m/27?
2
Suppose -x + 4 = -0*x. What is the tens digit of (22/x)/(4/8)?
1
Suppose 5*i - 771 - 274 = 0. What is the hundreds digit of i?
2
Suppose -20 = -2*l - 2*l. Let q be (-13)/(-5) + (-4)/(-10). Suppose q*x - l = -2*x. What is the units digit of x?
1
Suppose -2*u = -0*u - 2. Let f = 8 - 5. Suppose f + u = l. What is the units digit of l?
4
Let j = 95 + 47. What is the hundreds digit of j?
1
Let u(r) = -r**2 + 30*r + 10. What is the hundreds digit of u(15)?
2
Let s(w) = 1. Let g(t) = 4*t - 2*t**3 - 4*t**2 + 0*t**3 + t**3 + 8. Let k(x) = g(x) - 4*s(x). What is the units digit of k(-5)?
9
Let t(x) be the third derivative of x**6/120 - x**5/30 - 5*x**4/24 - x**3/6 - 2*x**2. What is the units digit of t(4)?
1
Let h be (2/4)/(2/8). Suppose 4*y - 9 = -29, 4*r + h = -2*y. Suppose -5*c = -0*z - 5*z, r*z = c + 4. What is the units digit of c?
4
Let c(m) = m + 5. Let j(l) = -2*l**3 - 10*l + 9*l**2 + 6 + 2*l**2 + l**3. Let b be j(10). What is the units digit of c(b)?
1
Let k(f) be the first derivative of -f**4/2 - f**3 - f**2 - 4*f + 8. What is the tens digit of k(-3)?
2
Let c(d) = -4*d + 55. What is the units digit of c(-11)?
9
Suppose -27 = -2*w + 11. What is the units digit of w?
9
Let g = 4 + 10. What is the units digit of g?
4
Let y(j) = j**3 + 8*j**2 + 5*j + 6. Suppose 4 = -k - 1. Let b be y(k). Suppose -b = -5*a + 24. What is the tens digit of a?
1
Let r = 99 - 10. What is the tens digit of r?
8
Let n(d) = d. Let t be n(-1). Let k = 17 + -7. Let r = k - t. What is the units digit of r?
1
Suppose -3*l + 20 + 139 = 0. What is the tens digit of l?
5
What is the tens digit of (-30 + 0)/(-8 - -7)?
3
Let v = 8 - 24. Suppose -f = -s - 0*s + 25, 2*s + 2*f - 70 = 0. Let r = v + s. What is the units digit of r?
4
Suppose -3*x + 17 = -10. Suppose 0 = 2*u + 2*r + 14, -4*r + x*r = 10. What is the units digit of ((-6)/u)/(2/3)?
1
Suppose 5*s - 3*r - 145 - 24 = 0, -3*s + 4*r + 97 = 0. What is the units digit of s?
5
Suppose -x + 3*u = -30, 2*x = -0*x + 2*u + 48. What is the tens digit of x?
2
Suppose -38 = 3*f - 4*x, 5*f + 50 = 4*x - 0*x. Let b = 11 + f. Let d(l) = -l**2 + 5*l + 1. What is the units digit of d(b)?
1
Let i = -255 - -478. What is the tens digit of i?
2
Suppose 0 = -3*i + 4*i - 6. Let k = 6 - i. Suppose -3*r = -x - 11, k*r + r - x = 7. What is the units digit of r?
2
Let p(o) = -19*o - 18. What is the tens digit of p(-8)?
3
Suppose -3*k + 4*s + 7 = -8, 0 = -k - 5*s - 14. Suppose -3*g = -k + 10. Let t(h) = 2*h**2 + 5*h + 4. What is the units digit of t(g)?
7
Suppose -5*h + 2*l - 7 = 0, 0*h - l - 2 = 3*h. What is the units digit of (h/(-3))/((-3)/(-18))?
2
Let y = -68 - -39. Let h(i) = 10*i. Let p be h(4). Let q = p + y. What is the units digit of q?
1
Let i(n) = -13*n**3 - 10*n**2 + 7*n + 10. Let u(c) = -9*c**3 - 7*c**2 + 5*c + 7. Let h(q) = -5*i(q) + 7*u(q). What is the units digit of h(1)?
2
Let c = -11 - -30. What is the tens digit of c?
1
Let j(k) = -9*k - 1. Let f be (-2 - -1) + (-2)/1. Let u be f + ((-6)/(-3))/1. What is the units digit of j(u)?
8
Let x(b) = -b**3 - 3*b**2 - 2. Let n be x(-3). What is the units digit of (n - 0) + 36/9?
2
Suppose 46 = 2*f - 10. What is the tens digit of f?
2
Suppose -30 - 159 = -t. What is the units digit of t?
9
Suppose 3*v = 3, -2*v + 11 - 3 = 2*b. Suppose d = b*y + 24, -3*d + 2*y - 54 = -7*d. What is the tens digit of d?
1
Suppose 5*y + 3*q = 327, 33 + 31 = y + 2*q. What is the units digit of y?
6
Let b(a) = -a + 8. Let k be ((-1)/(-2))/(2/8). Let s = k + 3. What is the units digit of b(s)?
3
Suppose 0*j + 408 = 4*j. What is the units digit of j?
2
What is the units digit of 2457/(-42)*(-8)/6?
8
Suppose 3*b = -2*u + 102, 0*b = -3*b. What is the units digit